 + -12 + (11 - 10)?
32
-3 - 31 - (84 + -98)
-20
Evaluate 1 + -7 + 15 + -14 + 14.
9
What is the value of 8 - (25 - 10) - 1?
-8
Calculate 15 + (-14 - -20) + -16.
5
What is the value of 177 + -166 + (-2 - (39 + -2))?
-28
What is 5 - (6 - ((-3 - 1) + 2)) - -5?
2
What is 10 - 5 - ((-19 - (-10 + 2)) + -6)?
22
What is the value of -10 - (-10 + 7 + -13) - (-1 + 8)?
-1
Calculate (-35 - (-16 + -15)) + (20 - 1).
15
Evaluate -23 + 0 - (-70 + 35).
12
-46 - -43 - (-21 + 2)
16
-17 - (-14 - (-18 - -27))
6
Evaluate (-8 - (6 + -6)) + 4 + -8.
-12
Calculate (-11 - 1) + 17 - ((6 - 3) + 1).
1
What is the value of 1 - (-3 - (-11 - -3)) - 1?
-5
(407 - 422) + (-6 - -1) + 1 + -1
-20
(-8 - -5) + -17 - -8
-12
Evaluate -3 - (22 + -33) - (19 + -1).
-10
What is -2 - (4 - 16) - (5 + 1 + -9)?
13
What is the value of -7 + -3 + (-9 + 8 - -9) + 5?
3
Calculate -1 - -17 - (43 + (35 - 66)).
4
Evaluate 23 + (0 - 8) + -1 + 0 + -5.
9
Calculate (-1 - 0) + 2 + (-1 - 2).
-2
What is the value of 9 + (-3 - -2) - (3 - 6)?
11
What is 11 - (-6 - 1 - -6) - -8?
20
(-12 - -44 - 67) + 45
10
What is -40 + -14 + 48 + 35?
29
What is -2 + (-14 - -12) + (3 - 1 - -13)?
11
What is the value of (-1 - (-1 + 6)) + (-58 - -60)?
-4
What is 9 + (-28 - -47) + -11?
17
Evaluate -26 + 34 + (13 - 30) + 8.
-1
What is (2 - 2 - 7) + -12 + 6 + 6?
-7
Calculate (-9 - -4) + 1 + 0 - -10.
6
What is the value of (17 - (29 + -6 + -11)) + -15 + 1?
-9
What is 18 - ((11 - 14) + 19)?
2
Calculate (3 - 0) + -9 + 3 - -10 - -2.
9
-5 + 0 - (8 + -43 + 28)
2
What is -2 + (-50 - -22) + 27?
-3
Evaluate 3 + 16 + 7 + -21.
5
-2 + 10 - (6 + -19 - -11)
10
(4 - (-41 - -15)) + -14
16
Evaluate -14 + 6 + (5 - 2 - 22).
-27
What is 0 - (8 + -2) - (-33 + (3 - -32))?
-8
What is (-1 - 3) + 6 - -1 - 4?
-1
What is the value of 10 + (12 - (33 - 16))?
5
Calculate (-4 - (0 - -2 - 1)) + (-4 - -1).
-8
What is -2 + 1 + 3 + -19 + (-2 - -1)?
-18
22 + -2 + 3 + (23 - (42 + -13))
17
What is -5 + -20 + -6 + 10?
-21
Evaluate 10 + -8 + -15 - (-20 + 11).
-4
3 - 2 - (-59 - -45)
15
Calculate 1 - -3 - (-13 + (-7 - -17) - -6).
1
Evaluate 24 + 11 - 33 - (-19 + (2 - 3)).
22
What is the value of 41 + -34 - (-7 - -21)?
-7
What is -22 + (1 - (-4 + (-13 - -10)))?
-14
Evaluate 2 + (-10 - -13) - (22 + -4).
-13
What is 8 + (11 - (6 - 2 - 1)) + 10?
26
Evaluate -9 - (3 + 5 + -21).
4
-4 + 0 + -14 + 13 - (-12 + 8)
-1
Calculate 60 + -59 + (3 - -11) + 2.
17
Calculate (8 - 1) + (0 - (-2 + -3)) + -19.
-7
(8 - 1 - 1) + 0 + -7
-1
What is the value of -1 - (9 + -8 + 1) - (-26 + 2)?
21
(47 - 217 - -160) + (-9 - (0 + 1))
-20
What is the value of 1 + -3 + -2 + (9 + 0 - 1)?
4
What is the value of 74 + -2 - (280 + -247)?
39
What is the value of -11 + 4 + -7 - 3 - -12?
-5
What is 28 - (13 + 2) - 16?
-3
Calculate (1 - 2 - (108 - 101)) + 4.
-4
Evaluate 6 + 4 + 11 + -12.
9
What is the value of -8 + 11 + -41 + 22 + (4 - -6)?
-6
Calculate (-17 - 36) + (6 - -9) + 11.
-27
What is 3 + -5 - 10 - -2 - (-8 - -1)?
-3
Evaluate 2 - (13 + -1 - 2 - 32).
24
What is 19 + (-3 + -7 + 0 - (3 - 9))?
15
What is (-6 - (8 - 19)) + 4 + -3 + -1?
5
Evaluate (3 - 1 - (4 + 5)) + 13 + -23.
-17
Evaluate -15 - -8 - (-9 - -1).
1
Calculate (2 - -6) + (57 + -50 - (-2 + 0)).
17
What is the value of -18 + 16 - -1 - (-23 + 1)?
21
Evaluate 4 + (2 - 1) + -10 + (-23 - -43).
15
What is the value of 9 + (11 - (14 - -10))?
-4
Calculate -12 - (-22 + -9 - -22).
-3
Calculate (-11 - 9) + 37 - 21.
-4
What is the value of -10 + 7 + -1 + (75 - 77)?
-6
Evaluate 14 - (-26 - (-19 + -3)).
18
Evaluate (25 - 37) + (1 - -14) + -37 - -10.
-24
Evaluate -30 + (14 - (-12 + 10) - (10 - 0)).
-24
What is the value of 44 + -23 + -10 + 1 + 3?
15
(15 + 5 - (-22 + 34)) + 4
12
Evaluate (-7 - (2 - (1 + 16))) + -19.
-11
Calculate -5 + (-19 + 15 - -17).
8
What is the value of -14 - (-2 + -4 + -8)?
0
Calculate -30 + 31 + (3 - 1) + 11.
14
Evaluate -6 + 27 + (32 - 61).
-8
Calculate 26 + -28 + 23 + -23.
-2
What is the value of 10 + -2 + 3 + (-7 - (3 + -12))?
13
Calculate 1 + (-3 + -5 + 3 - 3) + 23.
16
Calculate (11 - (30 - 8) - 5) + (0 - -5).
-11
(-4 - 1) + 2 - -1 - (-2 - 0)
0
-12 - (34 + -15 - 27)
-4
21 + (16 - 44 - -15)
8
Evaluate (-24 - -11) + 15 + 0.
2
What is 2 - (-5 + -2 - (-3 + -2 - -3))?
7
Evaluate (-32 + 57 - 10) + -12.
3
What is the value of -26 - 0 - (-1586 - -1560)?
0
What is -1 - 5 - (-3 + (6 + -9 - 0))?
0
What is the value of (-17 - -1) + (25 - (-4 + 7 - -11))?
-5
Calculate 3 + 3 - (4 + 2 + 5) - -6.
1
3 - 6 - ((-13 - -1) + 22)
-13
What is -2 + -9 + 0 + (9 - 4)?
-6
Evaluate 31 + (0 - ((0 - 2) + -2)) + -10.
25
-33 + (10 - 1 - (-20 - -24))
-28
Evaluate 22 + (16 - 6 - 25) + -10.
-3
0 + 5 - (-4 - (19 - 11))
17
What is 1 - (-5 + (-3 - -9))?
0
Calculate -13 - (7 - (33 - 11)) - -7.
9
-18 - (-13 + 17 + -12 - (-4 - 3))
-17
What is the value of -20 - 3 - (-58 - -39)?
-4
What is the value of 294 + -289 + -2 + 2 + -10?
-5
What is the value of 49 + 11 + 1 + -45?
16
15 + (5 + 2 - -4 - 13)
13
What is the value of -1 - (1 + 11 + 6 + -7)?
-12
What is the value of 2 + 6 + (-12 - (-21 + 24))?
-7
-1 + (-9 - (3 + (2 - (-6 + 17))))
-4
What is the value of 4 + (-6 - -6 - 0 - -2) - 8?
-2
What is (0 + -11 - -1) + (6 - 1)?
-5
Evaluate -14 - -2 - (-2 + 4 + (0 - 2)).
-12
(26 - 10) + -10 + (-3 - (-3 + 4))
2
What is (0 - -29 - (3 - (-2 - -7))) + -8?
23
What is -5 + -2 + 4 + 8?
5
What is the value of -42 + (2 - (1 - 23))?
-18
18 + 4 - (-12 - -13)
21
What is -1 + 22 + 10 + -11 + -2?
18
Evaluate -204 + 209 - (-4 - 0 - -22).
-13
What is the value of (3 - (7 - (6 - 0))) + 0?
2
Calculate 0 - 9 - (-3 - 4 - 8).
6
Calculate -30 + 13 - -14 - (5 - -2).
-10
What is 26 - (0 + 16) - (41 + -11)?
-20
What is the value of 8 - (7 - (16 + -2 + -12))?
3
Evaluate (2 - -1) + 2 - 18.
-13
Evaluate (2 - 50) + 861 + -825.
-12
What is -47 + (-13 - -6 - -1) + 11 + 6?
-36
What is the value of (-3 + 0 - (-23 + 4 - -19)) + -9?
-12
What is 4 + (-8 - (-9 + 30 + -10))?
-15
What is the value of 7 + -5 + -10 - -5 - -5?
2
Calculate (10 - 11) + -4 + 0 + (7 - 15).
-13
Calculate -44 + (118 - (-1 - -42)).
33
Evaluate 0 + -4 - (-2 + (3 - (20 - 8))).
7
1 + 0 + -630 + 621
-8
0 - -7 - (-19 - (-42 + 11 - -14))
9
8 + (13 - 16) - 25
-20
Evaluate -7 + -37 - (9 - 40).
-13
Evaluate (22 - (10 - -6)) + 17 + (-12 - -1).
12
What is the value of -15 + (8 - -38) + -18?
13
-6 + (-81 + 70 - (-6 + -2))
-9
-4 - (-7 - (-8 - (10 + -20)) - 8)
13
Evaluate 4 + 22 + -38 + -6.
-18
What is the value of -9 + 6 - (8 + -16) - 0?
5
11 + 1 + (25 - (22 - -16))
-1
Evaluate 2 + -4 + -6 + 11 + 5 + -8.
0
Evaluate -21 + 9 + 1 + 4.
-7
Evaluate -19 - ((-2 - 0) + -3).
-14
Calculate -195 - -199 - (-9 - -1).
12
What is -103 - -101 - (4 + -3)?
-3
What is the value of (3 - 1 - (-1 + 4)) + (-27 - -14)?
-14
Evaluate 7 - (0 - (-5 - 0) - (-55 + 37)).
-16
Evaluate (-3 - -1) + (5 - 3).
0
What is (4 - 1) + -16 - (361 - 354)?
-20
What is the value of (-1 - (2 + 0 + 10)) + 1 - 3?
-15
Calculate 0 - -1 - (7 + -8 + 5 - 9).
6
Evaluate (11 - 0) + (174 - 175) + (-4 - -2).
8
What is the value of -20 + 3 + (-7 - -16)?
-8
Evaluate -2 - (13 - (6 - -33)).
24
Calculate -20 - (1 + 12 + -68 + 55).
-20
Evaluate ((2 - (-19 + 5)) + -4 - -6) + -6.
12
What is the value of (-3 - (-14 + 3)) + 4 + (2 - 0)?
14
Evaluate (-194 - -209) + -17 + -1.
-3
(59 - 54) + (2 - 6)
1
What is the value of -7 - (7 - (40 + 2 + -11))?
17
Calculate 7 + (-7 - 7) - (1 + -30).
22
Evaluate 499 - 487 - (2 - (2 + -1)).
11
Evaluate (4 - -31) + (2 - 10) - 6.
21
Calculate 34 - 23 - (18 + 2).
-9
Evaluate -4 - -15 - (99 + -97).
9
What is the value of (11 - (8 - (-3 + -2))) + -12 + 3?
-11
What is the value of 10 - ((-3 + 9 + -14 - -23) + -9)?
4
What is the value of -184 + 177 + 2 + -5 + 1 + -2?
-11
(4 - 0) + (5 - (19 + (-4 - -7)))
-13
What is the value of -18 - (-44 + 19) - 3?
4
What is the value of 7 + 2 + (5 + 5 + -20 - 7)?
-8
Calculate 31 + (-5 - 14 - -20).
32
-56 + (2 + 14 - (143 - 143))
-40
Calculate (-4 - 13 - -34) + 20 - 7.
30
What is the value of (25 - -29) + -27 + -23?
4
Calculate -2 + -20 + 5 + 3 + -2.
-16
What is the value of -28 + -17 + 32 + 22?
9
What is the value of 1 + 5 + (-11 + (10 - -10) - 32)?
-17
Evaluate 42 + -87 + 40 - (19 + 1 - -1).
-26
Calculate 38 - (2 - (-19 - 6)).
11
What is the value of -2 + 11 - (-238 + 262)?
-15
What is the value of -1 + -8 + (4 - (4 + -7))?
-2
(-292 - -288) + -1 + -4 + (2 - 3)
-10
What 